. What is the units digit of b?
7
Let r be (-2)/(-4) + (-55)/(-10) + -4. Suppose y = r*i - 202, -71 + 379 = 3*i - 4*y. What is the tens digit of i?
0
Let n(o) = o**2 + 2*o + 3. Let a be n(-2). Suppose 0 = 2*h + 8, a*j - 11 = 2*h + 69. Suppose 4*x - j - 16 = 0. What is the tens digit of x?
1
Suppose 18900 = 31*p + 4*p. What is the units digit of p?
0
Suppose 9*z + z + 7950 = 0. What is the tens digit of (z/9 + (-10)/15)*-1?
8
Suppose -10*z + 5013 = -5097. What is the thousands digit of z?
1
Let u(o) = -109*o + 126*o - 4 - 1 + 2. What is the tens digit of u(5)?
8
Let l(z) be the second derivative of -z**4/12 - z**3 + 3*z**2 + 6*z. What is the units digit of l(-4)?
4
Let k(h) = h**3 - 4*h**2 + 6*h - 7. Let t be (-1 + 1 - -3)/1. Let r be k(t). What is the units digit of (r + (-12)/(-4))*9?
5
Suppose 2*z - c = 539, -7*z - 4*c = -6*z - 274. Suppose 9*a + z = 12*a. What is the tens digit of a?
9
Suppose -27*c + 21456 = 21*c. What is the hundreds digit of c?
4
Suppose 48 + 2 = -5*t. Let b be (44/t)/(26/(-65)). Let o = 18 - b. What is the units digit of o?
7
Let k = 276 + -21. Let y = k - 127. What is the hundreds digit of y?
1
Let p(s) = -s**3 - 2*s**2 - 2*s + 1. Let h be p(-2). Suppose -37 = -h*y - 12. Suppose 0 = b - y*g - 4, 2*b - g - 22 = 2*g. What is the units digit of b?
4
Suppose 2*o = 2*u - u + 1763, 3*u + 1773 = 2*o. What is the tens digit of o?
7
Let n(c) = -7*c**3 + 42*c**2 - 39*c - 53. Let h(r) = -3*r**3 + 21*r**2 - 20*r - 27. Let k(g) = -5*h(g) + 2*n(g). What is the tens digit of k(20)?
6
What is the tens digit of (-70)/(-6)*(-8 + -7 + 30)?
7
Let n(d) = 146*d**2 - 46*d + 131. What is the tens digit of n(3)?
0
Let j(f) = -2*f**3 + 80*f**2 - 79*f - 12. What is the tens digit of j(38)?
6
Let m = -12 - -24. Let d be (-4)/m + (-266)/(-6). Suppose d + 79 = 3*l. What is the tens digit of l?
4
Let t = 74 - 73. What is the tens digit of 68 + -2 - t*-3?
6
Suppose -10*c + 7*c - 4*x + 203 = 0, 3*x - 6 = 0. What is the tens digit of c?
6
Let x(h) = 6*h**2 + 6*h**2 - 13*h**2 + 10*h**2 + 18 - h**3 - 10*h. What is the units digit of x(8)?
2
What is the tens digit of -655*4*84/(-240)?
1
Suppose 47 = 2*x - 25. What is the units digit of 4/(4/x - 0)?
6
Let r = -835 + 1338. What is the units digit of r?
3
Suppose 517 + 12507 = 11*s. What is the thousands digit of s?
1
Let x(j) = -3*j + 13. Suppose 16*p = 13*p + 24. Suppose p*y = 4*y - 52. What is the tens digit of x(y)?
5
Suppose 16*o - 34902 = -5*o. What is the thousands digit of o?
1
Let b(r) = 50*r - 60. What is the hundreds digit of b(7)?
2
Suppose -11*u - 325 = -6*u. Let t = -45 - u. What is the units digit of t?
0
Let d(a) = 2*a**3 - 3*a**2 - 3*a - 7. Let l(m) = 8*m**2 + 21 - 8*m**3 + 0*m**3 + 10*m + 3*m**3. Let f(y) = -8*d(y) - 3*l(y). What is the units digit of f(-3)?
8
Suppose 90 = 11*t - 9*t. What is the tens digit of t?
4
Suppose 4*t - 2*l - 6 - 4 = 0, -5*t - 4*l = 20. Let u(z) = -z**2 + z + 7. What is the units digit of u(t)?
7
Let g = -10 - -56. Suppose -g = 5*x + 2*s, 3*s - 10 = -2*s. Let d = 2 - x. What is the units digit of d?
2
Let t(c) = 10 - 13 + 8*c + 5 - 3*c. What is the tens digit of t(2)?
1
Let d(a) = 10*a**2 + 6 + 7 + 2*a**3 - 10*a - 3*a**3. Let u be d(9). Suppose 5*j = -u + 14. What is the units digit of j?
2
Suppose 3*v - 57 = -p + 2*p, 2*p = v - 14. Let j(b) = b**3 - 20*b**2 + 4*b + 19. What is the tens digit of j(v)?
9
Let q = -311 - -800. Suppose -q = -3*y - 105. What is the tens digit of y?
2
Let i be ((0 - 0)/2)/(-1). Suppose -2*h + 3*h = i. Suppose -4*d = -h*d + w - 97, -w = -2*d + 41. What is the tens digit of d?
2
Suppose 4*z = 2*z + 10. Suppose -z*y + 90 = y. Suppose 9 = 2*n - y. What is the units digit of n?
2
Let q(f) = 9*f**2 + 288*f + 9. What is the hundreds digit of q(-35)?
9
Suppose -5*h - i + 355 = -6*i, 3*h + 5*i = 181. Suppose h = 3*m - 173. Suppose 2*x - m = -2*x. What is the units digit of x?
0
Let y(a) = a**2 - 5*a + 1. Let q be y(3). Let i(b) = 3*b**3 - 2*b**2 + 4*b - 2. Let s be i(2). Let h = s + q. What is the units digit of h?
7
Suppose -3 = -k + 5*o + 1, 4*k - 5*o + 44 = 0. What is the tens digit of k/(-1) - (-1 + 0)?
1
Suppose -213*w + 209*w + 4296 = 0. What is the units digit of w?
4
Let s be (-24)/(-16) - 1/(-2). Suppose b - 5*k - 79 = 0, 0 = s*k + 4 - 0. What is the tens digit of b?
6
Let l = 6764 + -2823. What is the tens digit of l?
4
Suppose 2*f = -3*y + 52, 25 - 93 = -2*f + 5*y. Let t be f - (0 + 0 + -2). Suppose 4*k - 44 = 2*r, 2*k + 3*r = -1 + t. What is the units digit of k?
2
Let a(l) = -4*l**2 + l + 3. Let x be a(3). Let c(o) = 20*o + 3. Let p be c(4). Let h = x + p. What is the tens digit of h?
5
Suppose 1600 = 88*t - 83*t. What is the hundreds digit of t?
3
Let i(t) = t**2 - 13*t + 52. What is the tens digit of i(-13)?
9
What is the thousands digit of (-4)/18 + (-55714)/(-18)?
3
Suppose -p = -2*t + 5*t + 133, -20 = -4*p. What is the tens digit of (19 - 13)*t/(-6)?
4
Let o(c) = 35*c**3 - 2*c**2 - 4*c - 1. Let i(n) = -176*n**3 + 11*n**2 + 20*n + 6. Let q(z) = -2*i(z) - 11*o(z). What is the hundreds digit of q(-2)?
2
Let l be ((-210)/(-25))/7*10/3. Suppose 0 = -10*c + 6*c + 3*n + 620, 620 = l*c - 2*n. What is the hundreds digit of c?
1
Let v(p) be the first derivative of -p**4/2 - 2*p**3/3 - 9*p - 11. What is the tens digit of v(-4)?
8
Let p be 0 - (-9)/((-36)/(-8)). Suppose p + 7 = 3*i. Suppose 5*n = 5*v - 35, 11 = 4*v - i*n - 16. What is the units digit of v?
6
Suppose 8*i + 69 = 9*i. Suppose -i = 2*u + b + 38, -b = -3*u - 148. Let r = u - -84. What is the units digit of r?
3
Suppose 85*g + 52900 = 110*g. What is the hundreds digit of g?
1
Let q = 50 - 165. Let m = q - -205. What is the tens digit of m?
9
Suppose -3*b - 59 - 544 = 0. Let a be (-1)/2*-2 - 142. Let x = a - b. What is the units digit of x?
0
Suppose -w + 2*p + 5 = -p, 10 = 2*w + p. Suppose -73 = -v - w*k, 14 = 5*v + 3*k - 241. What is the units digit of v?
8
Let z = 8 - -13. Suppose 15*m + 156 = z*m. What is the tens digit of m?
2
Let p be (-1)/3*(4 + 16/(-4)). Suppose -6*j + 788 + 262 = p. What is the hundreds digit of j?
1
Suppose -5*k + 334 = -3*s, 3*s - 59 = -2*k + 62. Suppose -4*r - k = -2*g + 19, 3*g - 71 = -5*r. Let v = g - 4. What is the units digit of v?
8
Suppose 4*d - u = -5*u + 48, 0 = 2*d - 4*u - 36. Let f be ((-2 - -3) + 1)*d. Let a = f + -17. What is the units digit of a?
1
Let c = 17 + -12. Let y(p) = p**3 - 5*p**2 - 2*p + 12. Let k be y(c). Suppose 4*d - 7*u = -2*u + 236, 118 = k*d + 2*u. What is the tens digit of d?
5
Let i be (-12)/(-2 - 0/(-1)). Suppose -i*o = -o - 265. Suppose -2*s + o = -w, 23 = 4*s + 4*w - 89. What is the tens digit of s?
2
Let c be 34/10 + (-12)/(-20). Suppose 3*h - 4*h + k = -31, -3*h + 97 = -c*k. What is the tens digit of h?
2
Let n(t) = t**3 - 2*t**2 - 4*t + 2. Let g = -20 + 23. Let m be n(g). What is the units digit of (65 + m)*9/12?
8
Let g(p) = p**2 - 16*p + 5. Let s be g(15). Let v be (8/s)/((-2)/10). Suppose v*f + 47 = 139. What is the units digit of f?
3
Let v be (-27)/(-5) + (-2)/5. Suppose 4*c - 28 = 2*k + 36, -v*c = k - 73. Let w = c + -1. What is the units digit of w?
4
Suppose 43*i - 115498 = 9*i. What is the hundreds digit of i?
3
Let j(r) = r + 1. Let x = 16 + -12. Let t be j(x). Suppose -6 = -2*u, -4*y + t*u = -0*y - 269. What is the units digit of y?
1
Suppose -s - 4*s = -540. Suppose -2*k + s = -k. Suppose -4*v = -0*v - k. What is the tens digit of v?
2
Let q(g) = -g. Let n(k) = 3*k. Let t(m) = -n(m) + 2*q(m). Let b be t(2). Let u(c) = c**2 + 9*c - 6. What is the units digit of u(b)?
4
Let i(r) = 9*r + 41. Let v(u) = -u. Let a(z) = -i(z) + 2*v(z). What is the units digit of a(-10)?
9
Let i(b) = b**3 - 4*b**2 - 9*b + 9. Suppose -18*p = -15*p - 18. Let y be i(p). What is the tens digit of y/2*128/48?
3
Suppose -l = 3*j - 14, -2 = 3*j + 2*l - 12. Let m = 2 + j. What is the units digit of m?
8
Let v = 691 + -77. What is the units digit of v?
4
Let q(o) = -5*o + 7. Let l = -14 + 7. What is the units digit of q(l)?
2
Let l be 1/((-3)/(444/(-4))). Let z = -27 + l. Suppose -z*r + 8*r = -50. What is the tens digit of r?
2
Suppose -181 = -5*l - 1. Suppose -6 = -2*y + l. What is the tens digit of (-4)/(-14) + 435/y?
2
Suppose 0 = -b - 6*b + 3024. What is the units digit of b?
2
Let k(i) = -i**3 + 12*i**2 - 12*i + 16. Let m be 